{"id":55,"date":"2022-01-03T16:49:38","date_gmt":"2022-01-03T15:49:38","guid":{"rendered":"http:\/\/www2.logopaedie-farnschlaeder.de\/?page_id=55"},"modified":"2024-11-12T13:07:40","modified_gmt":"2024-11-12T12:07:40","slug":"impressum","status":"publish","type":"page","link":"https:\/\/www.logopaedie-farnschlaeder.de\/index.php\/impressum\/","title":{"rendered":"Impressum"},"content":{"rendered":"[vc_row type=&#8220;in_container&#8220; full_screen_row_position=&#8220;middle&#8220; column_margin=&#8220;default&#8220; column_direction=&#8220;default&#8220; column_direction_tablet=&#8220;default&#8220; column_direction_phone=&#8220;default&#8220; bg_color=&#8220;#ffffff&#8220; scene_position=&#8220;center&#8220; top_padding=&#8220;0&#8243; constrain_group_1=&#8220;yes&#8220; bottom_padding=&#8220;0&#8243; text_color=&#8220;dark&#8220; text_align=&#8220;left&#8220; row_border_radius=&#8220;none&#8220; row_border_radius_applies=&#8220;bg&#8220; overflow=&#8220;visible&#8220; id=&#8220;philosophy&#8220; advanced_gradient_angle=&#8220;0&#8243; overlay_strength=&#8220;0.3&#8243; gradient_direction=&#8220;left_to_right&#8220; shape_divider_position=&#8220;bottom&#8220; bg_image_animation=&#8220;none&#8220; shape_type=&#8220;&#8220; gradient_type=&#8220;default&#8220;][vc_column column_padding=&#8220;no-extra-padding&#8220; column_padding_tablet=&#8220;inherit&#8220; column_padding_phone=&#8220;inherit&#8220; column_padding_position=&#8220;all&#8220; column_element_spacing=&#8220;default&#8220; background_color_opacity=&#8220;1&#8243; background_hover_color_opacity=&#8220;1&#8243; column_shadow=&#8220;none&#8220; column_border_radius=&#8220;none&#8220; column_link_target=&#8220;_self&#8220; column_position=&#8220;default&#8220; gradient_direction=&#8220;left_to_right&#8220; overlay_strength=&#8220;0.3&#8243; width=&#8220;1\/1&#8243; tablet_width_inherit=&#8220;default&#8220; tablet_text_alignment=&#8220;default&#8220; phone_text_alignment=&#8220;default&#8220; animation_type=&#8220;default&#8220; enable_animation=&#8220;true&#8220; animation=&#8220;fade-in-from-bottom&#8220; bg_image_animation=&#8220;none&#8220; border_type=&#8220;simple&#8220; column_border_width=&#8220;none&#8220; column_border_style=&#8220;solid&#8220;][page_submenu alignment=&#8220;center&#8220; sticky=&#8220;true&#8220; bg_color=&#8220;#5d645e&#8220; link_color=&#8220;#ffffff&#8220;][page_link link_url=&#8220;\/#home&#8220; title=&#8220;zur\u00fcck&#8220; id=&#8220;1647597243224-5&#8243; tab_id=&#8220;1647597243224-1&#8243;] [\/page_link][page_link link_url=&#8220;\/index.php\/datenschutz\/&#8220; title=&#8220;Datenschutzerkl\u00e4rung&#8220; id=&#8220;1647597243294-8&#8243; tab_id=&#8220;1647597243294-3&#8243;] [\/page_link][\/page_submenu][nectar_highlighted_text color_type=&#8220;regular&#8220; highlight_color=&#8220;#5d645e&#8220; text_color=&#8220;#606060&#8243; style=&#8220;regular_underline&#8220; highlight_expansion=&#8220;default&#8220; underline_thickness=&#8220;1px&#8220; delay=&#8220;200&#8243;]\n<h1>Impressum<\/h1>\n<p>&nbsp;<\/p>\n<h3>Angaben gem\u00e4\u00df \u00a7 5 TMG<\/h3>\n<p>Praxis f\u00fcr Logop\u00e4die<br \/>\nSusanne Farnschl\u00e4der<\/p>\n<p>Ahrensfelder Weg 6<br \/>\n22927 Gro\u00dfhansdorf<br \/>\nDeutschland<\/p>\n<h3>Kontakt<\/h3>\n<p>Tel. \u00a004102 \/\u00a0218 07 10<br \/>\nFax \u00a004102 \/\u00a0218 07 11<br \/>\nE-Mail: <a style=\"text-decoration: underline;\" href=\"mailto:kontakt@logopaedie-farnschlaeder.de\">praxis [\u00e4t] logopaedie-farnschlaeder.de<\/a><\/p>\n<h3>Berufsbezeichnung und berufsrechtliche Regelungen<\/h3>\n<p>Berufsbezeichnung: Logop\u00e4de<br \/>\nZust\u00e4ndige Kammer: Deutscher Bundesverband f\u00fcr Logop\u00e4die e.V.<br \/>\nVerliehen in: M\u00fcnchen, Berufsfachschule f\u00fcr Logop\u00e4die der GfEB<br \/>\nEs gelten folgende berufsrechtliche Regelungen: <a style=\"text-decoration: underline;\" href=\"https:\/\/www.gesetze-im-internet.de\/logopg\/\">Gesetz \u00fcber den Beruf der Logop\u00e4den<\/a><\/p>\n<h3>Angaben zur Versicherung<\/h3>\n<p>Allianz Versicherungs-Aktiengesellschaft<br \/>\nK\u00f6niginstra\u00dfe 28, 80802 M\u00fcnchen<br \/>\nVersicherungsnummer AS-9217536113<\/p>\n<h3>Verbraucherstreitbeilegung\/Universalschlichtungsstelle<\/h3>\n<p>Wir sind nicht bereit oder verpflichtet, an Streitbeilegungsverfahren vor einer Verbraucherschlichtungsstelle teilzunehmen.<\/p>\n<p>Quelle: <a style=\"text-decoration: underline;\" href=\"https:\/\/www.e-recht.de\">eRecht24<\/a>[\/nectar_highlighted_text][divider line_type=&#8220;No Line&#8220; custom_height=&#8220;20&#8243;][divider line_type=&#8220;Full Width Line&#8220; line_thickness=&#8220;2&#8243; divider_color=&#8220;default&#8220; custom_height=&#8220;20&#8243;][divider line_type=&#8220;No Line&#8220; custom_height=&#8220;20&#8243;][vc_column_text]\n<h3>Bildernachweis<\/h3>\n<p>Fotos: \u00a9 Susanne Farnschl\u00e4der<br \/>\nLogo D-Logo: \u00a9 Verband f\u00fcr Selbstst\u00e4ndige in der Logop\u00e4die e. V.<br \/>\nLandkarte: \u00a9 OpenStreetMaps<\/p>\n<p>Realisation: Martina Gro\u00dfmann\/888design.de<\/p>\n<p>Die auf dieser Website ver\u00f6ffentlichten Inhalte unterliegen dem deutschen Urheber- und Leistungsschutzrecht. Jede vom deutschen Urheber- und Leistungsschutzrecht nicht zugelassene Verwertung bedarf der vorherigen schriftlichen Zustimmung des Anbieters oder jeweiligen Rechteinhabers. Dies gilt insbesondere f\u00fcr Vervielf\u00e4ltigung, Bearbeitung, \u00dcbersetzung, Einspeicherung, Verarbeitung bzw. Wiedergabe von Inhalten in Datenbanken oder anderen elektronischen Medien und Systemen. Inhalte und Rechte Dritter sind dabei als solche gekennzeichnet. Die unerlaubte Vervielf\u00e4ltigung oder Weitergabe einzelner Inhalte oder kompletter Seiten ist nicht gestattet und strafbar. Lediglich die Herstellung von Kopien und Downloads f\u00fcr den pers\u00f6nlichen, privaten und nicht kommerziellen Gebrauch ist erlaubt.<\/p>\n<p>Die Darstellung dieser Website in fremden Frames ist nur mit schriftlicher Erlaubnis zul\u00e4ssig.[\/vc_column_text][divider line_type=&#8220;No Line&#8220; custom_height=&#8220;20&#8243;][\/vc_column][\/vc_row]\n","protected":false},"excerpt":{"rendered":"<p>[vc_row type=&#8220;in_container&#8220; full_screen_row_position=&#8220;middle&#8220; column_margin=&#8220;default&#8220; column_direction=&#8220;default&#8220; column_direction_tablet=&#8220;default&#8220; column_direction_phone=&#8220;default&#8220; bg_color=&#8220;#ffffff&#8220; scene_position=&#8220;center&#8220; top_padding=&#8220;0&#8243; constrain_group_1=&#8220;yes&#8220; bottom_padding=&#8220;0&#8243; text_color=&#8220;dark&#8220; text_align=&#8220;left&#8220; row_border_radius=&#8220;none&#8220; row_border_radius_applies=&#8220;bg&#8220; overflow=&#8220;visible&#8220; id=&#8220;philosophy&#8220; advanced_gradient_angle=&#8220;0&#8243; overlay_strength=&#8220;0.3&#8243; gradient_direction=&#8220;left_to_right&#8220; shape_divider_position=&#8220;bottom&#8220; bg_image_animation=&#8220;none&#8220; shape_type=&#8220;&#8220; gradient_type=&#8220;default&#8220;][vc_column column_padding=&#8220;no-extra-padding&#8220; column_padding_tablet=&#8220;inherit&#8220; column_padding_phone=&#8220;inherit&#8220; column_padding_position=&#8220;all&#8220; column_element_spacing=&#8220;default&#8220;&#8230;<\/p>\n","protected":false},"author":5,"featured_media":0,"parent":0,"menu_order":0,"comment_status":"closed","ping_status":"closed","template":"template-no-header.php","meta":{"footnotes":""},"class_list":["post-55","page","type-page","status-publish"],"_links":{"self":[{"href":"https:\/\/www.logopaedie-farnschlaeder.de\/index.php\/wp-json\/wp\/v2\/pages\/55","targetHints":{"allow":["GET"]}}],"collection":[{"href":"https:\/\/www.logopaedie-farnschlaeder.de\/index.php\/wp-json\/wp\/v2\/pages"}],"about":[{"href":"https:\/\/www.logopaedie-farnschlaeder.de\/index.php\/wp-json\/wp\/v2\/types\/page"}],"author":[{"embeddable":true,"href":"https:\/\/www.logopaedie-farnschlaeder.de\/index.php\/wp-json\/wp\/v2\/users\/5"}],"replies":[{"embeddable":true,"href":"https:\/\/www.logopaedie-farnschlaeder.de\/index.php\/wp-json\/wp\/v2\/comments?post=55"}],"version-history":[{"count":23,"href":"https:\/\/www.logopaedie-farnschlaeder.de\/index.php\/wp-json\/wp\/v2\/pages\/55\/revisions"}],"predecessor-version":[{"id":734,"href":"https:\/\/www.logopaedie-farnschlaeder.de\/index.php\/wp-json\/wp\/v2\/pages\/55\/revisions\/734"}],"wp:attachment":[{"href":"https:\/\/www.logopaedie-farnschlaeder.de\/index.php\/wp-json\/wp\/v2\/media?parent=55"}],"curies":[{"name":"wp","href":"https:\/\/api.w.org\/{rel}","templated":true}]}}